e
Is 14109 a composite number?
True
Is 4267 prime?
False
Is 9923 prime?
True
Is 37399 a prime number?
False
Is 1951798 prime?
False
Is 1243 prime?
False
Is 66397 a composite number?
True
Is 259 a prime number?
False
Is 13894 a composite number?
True
Is 28727 composite?
True
Is 23227 prime?
True
Is 347363 a composite number?
True
Is 484707 a prime number?
False
Is 426577 prime?
False
Is 143131 prime?
False
Is 307337 composite?
False
Is 400579 a composite number?
False
Is 23906 a prime number?
False
Is 580549 prime?
True
Is 890297 a prime number?
False
Is 96893 a composite number?
False
Is 157517 composite?
True
Is 5953 prime?
True
Is 1261402 a prime number?
False
Is 8147 a composite number?
False
Is 11897 a prime number?
True
Is 58601 a composite number?
False
Is 11597 composite?
False
Is 4489 prime?
False
Is 28319 a composite number?
False
Is 955 a prime number?
False
Is 22027 a prime number?
True
Is 77587 prime?
True
Is 474011 a composite number?
True
Is 596149 prime?
False
Is 917 a prime number?
False
Is 4861 prime?
True
Is 1866827 a composite number?
False
Is 12829 prime?
True
Is 10533 a prime number?
False
Is 6677 prime?
False
Is 4060651 a prime number?
False
Is 3013 composite?
True
Is 1002101 prime?
True
Is 50359 a prime number?
True
Is 34507 a prime number?
False
Is 33185 prime?
False
Is 136709 prime?
True
Is 24439 a prime number?
True
Is 598457 prime?
True
Is 40253 prime?
True
Is 46834 a prime number?
False
Is 1981583 a prime number?
True
Is 85737 a prime number?
False
Is 42551 composite?
True
Is 8923 prime?
True
Is 24599 a composite number?
True
Is 5729 prime?
False
Is 147853 prime?
True
Is 1949 a prime number?
True
Is 57557 composite?
False
Is 4484833 a prime number?
True
Is 5926 prime?
False
Is 12014 composite?
True
Is 84047 prime?
True
Is 14171 a composite number?
True
Is 2112007 composite?
False
Is 337787 prime?
False
Is 26773 a composite number?
True
Is 374515 prime?
False
Is 1177 prime?
False
Is 250345 a composite number?
True
Is 24355 prime?
False
Is 469267 a composite number?
False
Is 412651 composite?
False
Is 1481 composite?
False
Is 1954 prime?
False
Is 1709989 a composite number?
False
Is 144817 a composite number?
False
Is 127949 a prime number?
False
Is 3227027 prime?
True
Is 138401 composite?
False
Is 86069 a prime number?
True
Is 6943 prime?
False
Is 593249 composite?
True
Is 49163 prime?
False
Is 759821 a composite number?
False
Is 1969 composite?
True
Is 149761 a composite number?
True
Is 21079 a composite number?
True
Is 143137 a composite number?
False
Is 117851 a prime number?
True
Is 2437 composite?
False
Is 1543 a composite number?
False
Is 677 a composite number?
False
Is 238627 composite?
False
Is 80531 a prime number?
False
Is 6289 a composite number?
True
Is 359707 composite?
True
Is 4703 prime?
True
Is 1348759 a prime number?
False
Is 33521 a composite number?
False
Is 1054259 a prime number?
True
Is 7103 composite?
False
Is 187861 prime?
True
Is 7374707 a prime number?
True
Is 22247 a prime number?
True
Is 1994497 prime?
True
Is 14051 a prime number?
True
Is 8793149 a prime number?
True
Is 45383 a prime number?
False
Is 19547 a composite number?
True
Is 19315 composite?
True
Is 74631 a prime number?
False
Is 2321 a prime number?
False
Is 114967 prime?
True
Is 785 a prime number?
False
Is 61917 prime?
False
Is 101951 prime?
False
Is 2965 composite?
True
Is 2306523 a composite number?
True
Is 562997 a prime number?
True
Is 127997 composite?
False
Is 2657 a composite number?
False
Is 22289 a prime number?
False
Is 298477 composite?
False
Is 714279 prime?
False
Is 21787 prime?
True
Is 2531 a composite number?
False
Is 73313 prime?
False
Is 29069 a prime number?
False
Is 1692547 a composite number?
True
Is 13763 a composite number?
False
Is 194 prime?
False
Is 113149 a prime number?
True
Is 78919 composite?
False
Is 2032607 a prime number?
True
Is 4749 a prime number?
False
Is 56089 composite?
True
Is 144083 a composite number?
True
Is 3639 a composite number?
True
Is 14591 a composite number?
False
Is 8651 prime?
False
Is 10133 composite?
False
Is 10211 a composite number?
False
Is 202919 composite?
True
Is 1213 a composite number?
False
Is 44557 prime?
False
Is 17657 a prime number?
True
Is 386933 a prime number?
False
Is 23543 a prime number?
False
Is 8257 prime?
False
Is 213259 a composite number?
True
Is 39803 prime?
False
Is 526583 a prime number?
True
Is 7481 a composite number?
False
Is 382 prime?
False
Is 35403 a prime number?
False
Is 557 prime?
True
Is 126941 prime?
False
Is 12799 a composite number?
False
Is 610501 a prime number?
True
Is 2773 a prime number?
False
Is 555383 composite?
False
Is 757979 a composite number?
True
Is 869657 prime?
True
Is 23189 prime?
True
Is 132781 composite?
True
Is 19099 a prime number?
False
Is 39047 a prime number?
True
Is 27134 composite?
True
Is 34123 composite?
False
Is 241609 composite?
True
Is 16151 a composite number?
True
Is 47155 composite?
True
Is 6323 a composite number?
False
Is 47381 composite?
False
Is 187307 a prime number?
False
Is 16481 a prime number?
True
Is 927287 composite?
False
Is 131117 a prime number?
False
Is 126601 prime?
True
Is 240577 a prime number?
False
Is 27139 a prime number?
False
Is 3251 a prime number?
True
Is 66293 prime?
True
Is 8402 prime?
False
Is 116251 composite?
True
Is 950611 a composite number?
False
Is 1949 composite?
False
Is 60883 a prime number?
False
Is 64321 a prime number?
False
Is 701137 prime?
False
Is 29695 a prime number?
False
Is 11909 prime?
True
Is 84431 composite?
False
Is 2421697 prime?
False
Is 2536991 prime?
True
Is 98239 a prime number?
False
Is 13591 prime?
True
Is 728317 a prime number?
True
Is 14369 a composite number?
False
Is 4699 composite?
True
Is 185737 a composite number?
False
Is 7103 composite?
False
Is 47989 prime?
False
Is 409969 composite?
True
Is 7723 a composite number?
False
Is 5407 prime?
True
Is 1693 prime?
True
Is 204205 a composite number?
True
Is 7063 prime?
False
Is 15131 a composite number?
False
Is 6323 a composite number?
False
Is 209701 prime?
True
Is 206698 composite?
True
Is 8069 a prime number?
True
Is 200843 prime?
True
Is 167711 a composite number?
False
Is 27994 a composite number?
True
Is 8137 a prime number?
False
Is 14969 a composite number?
False
Is 2052703 a composite number?
True
Is 16603 composite?
False
Is 30389 prime?
True
Is 213809 prime?
False
Is 854917 prime?
False
Is 331 a prime number?
True
Is 270097 composite?
False
Is 7039 composite?
False
Is 110039 composite?
False
Is 1839589 prime?
True
Is 22307 a prime number?
True
Is 672493 a composite number?
False
Is 2563 a composite number?
True
Is 5331 a composite number?
True
Is 18951 a prime number?
False
Is 854527 prime?
True
Is 27149 a composite number?
True
Is 563029 a prime number?
False
Is 36973 a composite number?
False
Is 1514 composite?
True
Is 1385561 composite?
False
Is 2440731 prime?
False
Is 578785 composite?
True
Is 517 a composite number?
True
Is 22433 prime?
True
Is 152545 a composite number?
True
Is 121883 a composite number?
False
Is 231259 a prime number?
False
Is 3571 a composite number?
False
Is 2471071 a prime number?
True
Is 52951 a prime number?
True
Is 773681 composite?
False
Is 941351 a composite number?
False
Is 127 a prime number?
True
Is 115129 a prime number?
False
Is 52361 composite?
False
Is 957071 a prime number?
True
Is 302111 a composite number?
False
Is 29245 a composite number?
True
Is 7741 a composite number?
False
Is 983063 a prime number?
True
Is 50671 a composite number?
False
Is 14303 composite?
False
Is 1543 a composite number?
False
Is 99859 a composite number?
False
Is 134267 a prime number?
False
Is 13295 prime?
False
Is 131873 a composite number?
True
Is 935237 a composite number?
True
Is 30059 prime?
True
Is 49687 a prime number?
False
Is 39946 a prime number?
False
Is 694423 prime?
False
Is 600043 a composite number?
False
Is 20341 a composite number?
False
Is 202367 a composite number?
True
Is 821 a prime number?
True
Is 5617 composite?
True
Is 2333 a composite number?
False
Is 13997 composite?
False
Is 559969 composite?
True
Is 4197 composite?
True
Is 278095 a composite number?
True
Is 2357527 prime?
True
Is 507289 a composite number?
False
Is 424058 prime?
F